rime number?
True
Is 1543 a prime number?
True
Is 52919 a composite number?
False
Is 107507 prime?
True
Is 114265 prime?
False
Is 1626703 prime?
False
Is 354829 prime?
True
Is 97765 composite?
True
Is 1665311 prime?
True
Is 513517 a prime number?
False
Is 606779 prime?
False
Is 54091 composite?
False
Is 3697 composite?
False
Is 541567 a composite number?
True
Is 18947 a prime number?
True
Is 3761 a prime number?
True
Is 138497 composite?
False
Is 35597 a prime number?
True
Is 8321 a prime number?
False
Is 863297 composite?
True
Is 746983 prime?
False
Is 139577 a composite number?
True
Is 562589 a prime number?
True
Is 6659 prime?
True
Is 54206 composite?
True
Is 292963 a prime number?
False
Is 111379 prime?
False
Is 4957 prime?
True
Is 62151 composite?
True
Is 50261 composite?
False
Is 38821 composite?
False
Is 62231 a composite number?
True
Is 21467 a prime number?
True
Is 7763 a prime number?
False
Is 1007117 a prime number?
True
Is 101801 a composite number?
True
Is 491 a composite number?
False
Is 1241 a prime number?
False
Is 12689 composite?
False
Is 14107 composite?
False
Is 2544901 a prime number?
False
Is 419921 a prime number?
True
Is 631 composite?
False
Is 1715677 a prime number?
False
Is 207923 a composite number?
False
Is 800303 prime?
False
Is 75171 prime?
False
Is 483427 composite?
True
Is 3407 composite?
False
Is 11699 composite?
False
Is 83357 prime?
True
Is 139423 composite?
False
Is 210929 composite?
False
Is 262459 a prime number?
True
Is 3259 a composite number?
False
Is 69593 a composite number?
False
Is 336899 prime?
True
Is 100733 prime?
True
Is 43517 composite?
False
Is 30883 prime?
False
Is 58031 a prime number?
True
Is 244527 a composite number?
True
Is 54037 prime?
True
Is 272186 composite?
True
Is 359 a composite number?
False
Is 53471 a prime number?
False
Is 81803 a prime number?
False
Is 3007 prime?
False
Is 85067 a prime number?
False
Is 9599 composite?
True
Is 7835 prime?
False
Is 515 a prime number?
False
Is 2471 prime?
False
Is 435817 prime?
True
Is 328667 composite?
False
Is 1686439 prime?
True
Is 25891 prime?
False
Is 3031 prime?
False
Is 1955047 a prime number?
True
Is 124699 a composite number?
False
Is 20897 prime?
True
Is 2179 composite?
False
Is 71959 prime?
False
Is 11749 prime?
False
Is 314267 a composite number?
False
Is 71571 a prime number?
False
Is 96665 prime?
False
Is 2319593 composite?
False
Is 10474 prime?
False
Is 175777 prime?
False
Is 112555 prime?
False
Is 46301 a composite number?
False
Is 240971 composite?
True
Is 35081 composite?
False
Is 80141 prime?
True
Is 124079 a prime number?
False
Is 65531 composite?
True
Is 133919 prime?
True
Is 207449 a composite number?
True
Is 82781 a prime number?
True
Is 195571 a composite number?
True
Is 80057 composite?
True
Is 18713 prime?
True
Is 298451 composite?
False
Is 1597 composite?
False
Is 11017 composite?
True
Is 669359 a prime number?
True
Is 295819 a composite number?
False
Is 522601 a composite number?
False
Is 25957 a prime number?
False
Is 102673 a prime number?
True
Is 1200019 a prime number?
False
Is 1068007 a composite number?
True
Is 41771 composite?
False
Is 50017 a prime number?
False
Is 501519 a composite number?
True
Is 26337 a prime number?
False
Is 55469 a composite number?
False
Is 2297215 a composite number?
True
Is 18251 a prime number?
True
Is 374599 a composite number?
True
Is 794 composite?
True
Is 5737 a composite number?
False
Is 364069 composite?
False
Is 64481 prime?
False
Is 198851 composite?
False
Is 47999 prime?
False
Is 859213 composite?
False
Is 4871 a composite number?
False
Is 18427 a prime number?
True
Is 366107 composite?
True
Is 1081 a prime number?
False
Is 830617 a composite number?
False
Is 1171 a prime number?
True
Is 198461 a composite number?
False
Is 683099 composite?
True
Is 5003 a composite number?
False
Is 1895 composite?
True
Is 24281 a composite number?
False
Is 129 a prime number?
False
Is 3163 composite?
False
Is 6547 composite?
False
Is 8033 prime?
False
Is 2155 a prime number?
False
Is 953903 a prime number?
False
Is 111437 a composite number?
True
Is 16411 composite?
False
Is 2719 a prime number?
True
Is 151549 prime?
True
Is 1313423 a prime number?
True
Is 33035 a prime number?
False
Is 61207 a composite number?
True
Is 85067 a prime number?
False
Is 32493 a prime number?
False
Is 113 a composite number?
False
Is 125801 a prime number?
False
Is 23183 composite?
True
Is 15479 a composite number?
True
Is 912403 composite?
False
Is 863 composite?
False
Is 13571 a prime number?
False
Is 26879 a composite number?
False
Is 121309 a composite number?
False
Is 2860837 prime?
False
Is 952649 a composite number?
False
Is 907 prime?
True
Is 9871 prime?
True
Is 268403 prime?
True
Is 14453 a composite number?
True
Is 515751 a composite number?
True
Is 631247 prime?
True
Is 1171357 a composite number?
True
Is 47326 a prime number?
False
Is 23158 prime?
False
Is 111731 a composite number?
False
Is 73769 composite?
True
Is 166438 prime?
False
Is 88783 a prime number?
False
Is 11579 composite?
False
Is 19289 a prime number?
True
Is 1262 a composite number?
True
Is 12239 prime?
True
Is 16673 prime?
True
Is 50755 a composite number?
True
Is 27361 composite?
False
Is 67421 prime?
True
Is 325282 prime?
False
Is 5071 a prime number?
False
Is 1181 a composite number?
False
Is 286673 a prime number?
True
Is 20209 prime?
False
Is 525979 prime?
True
Is 19639 composite?
True
Is 355187 a composite number?
True
Is 15911 composite?
True
Is 7586 composite?
True
Is 32727 prime?
False
Is 28979 a composite number?
False
Is 12953 a prime number?
True
Is 379007 a prime number?
True
Is 2459 a composite number?
False
Is 273545 a composite number?
True
Is 13397 composite?
False
Is 40909 a composite number?
True
Is 958717 a prime number?
False
Is 12713 composite?
False
Is 226691 prime?
True
Is 1264385 a prime number?
False
Is 79 composite?
False
Is 79295 a prime number?
False
Is 3189 composite?
True
Is 1733547 a composite number?
True
Is 106387 prime?
False
Is 1142933 a prime number?
False
Is 409723 a prime number?
True
Is 127 prime?
True
Is 51977 a composite number?
False
Is 1036147 composite?
True
Is 1711 composite?
True
Is 51771 composite?
True
Is 63914 prime?
False
Is 45829 a prime number?
False
Is 46847 prime?
False
Is 609733 composite?
True
Is 357229 composite?
False
Is 830069 a composite number?
True
Is 2314859 prime?
True
Is 38758 composite?
True
Is 30399 a composite number?
True
Is 56807 a prime number?
True
Is 2221 a prime number?
True
Is 93179 a composite number?
False
Is 2019 composite?
True
Is 95797 a composite number?
True
Is 91253 prime?
True
Is 60737 a prime number?
True
Is 282767 a prime number?
True
Is 18299 a composite number?
True
Is 4327 a composite number?
False
Is 23417 prime?
True
Is 8057 prime?
False
Is 160829 a composite number?
False
Is 118 a composite number?
True
Is 683999 prime?
False
Is 4631 a prime number?
False
Is 46219 a composite number?
False
Is 40403 prime?
False
Is 42909 a composite number?
True
Is 17333 composite?
False
Is 145433 prime?
True
Is 27298 composite?
True
Is 148279 composite?
False
Is 22603 a composite number?
True
Is 33209 a composite number?
True
Is 140467 a composite number?
True
Is 9197 composite?
True
Is 433891 a composite number?
True
Is 19463 a prime number?
True
Is 146242 prime?
False
Is 116995 a composite number?
True
Is 20901 a composite number?
True
Is 1359443 prime?
False
Is 29593 composite?
True
Is 65159 prime?
False
Is 2089959 a prime number?
False
Is 513239 a composite number?
False
Is 989119 a composite number?
False
Is 28901 composite?
False
Is 76049 composite?
True
Is 37463 a prime number?
True
Is 24994 composite?
True
Is 10357 a prime number?
True
Is 56213 composite?
True
Is 231373 a prime number?
False
Is 17074 prime?
False
Is 533 a composite number?
True
Is 95437 prime?
False
Is 1343 a prime number?
False
Is 39085 prime?
False
Is 457979 a composite number?
False
Is 26903 a composite number?
False
Is 8259 a prime number?
False
Is 56081 composite?
False
Is 21181 a composite number?
True
Is 4711 a prime number?
False
Is 2573 a prime number?
False
Is 138401 a composite number?
False
Is 243101 a composite number?
False
Is 5127 a prime number?
False
Is 31511 p